 highest common factor of 128 and 1408?
128
What is the greatest common factor of 3906 and 126?
126
What is the highest common factor of 68 and 17?
17
Calculate the highest common divisor of 48 and 7032.
24
Calculate the highest common factor of 9624 and 24.
24
What is the greatest common factor of 124 and 3255?
31
Calculate the highest common divisor of 2690 and 10.
10
Calculate the greatest common factor of 1566 and 459.
27
Calculate the highest common divisor of 303 and 3.
3
Calculate the greatest common divisor of 1711 and 58.
29
What is the highest common divisor of 604 and 2265?
151
What is the greatest common factor of 282 and 3008?
94
Calculate the highest common factor of 14 and 469.
7
What is the greatest common divisor of 20 and 80?
20
Calculate the greatest common divisor of 4692 and 1428.
204
Calculate the greatest common factor of 304 and 19.
19
What is the greatest common divisor of 189 and 56?
7
What is the highest common factor of 37 and 1184?
37
Calculate the highest common divisor of 16 and 398.
2
What is the greatest common divisor of 82 and 8?
2
Calculate the highest common divisor of 741 and 57.
57
Calculate the greatest common divisor of 2 and 4782.
2
What is the greatest common divisor of 250 and 2?
2
Calculate the greatest common factor of 29 and 1.
1
Calculate the highest common divisor of 100 and 700.
100
What is the greatest common factor of 130 and 360?
10
Calculate the highest common divisor of 30 and 60.
30
Calculate the highest common divisor of 14 and 4354.
14
Calculate the greatest common factor of 315 and 140.
35
Calculate the highest common divisor of 190 and 114.
38
Calculate the greatest common factor of 3 and 5.
1
Calculate the highest common divisor of 306 and 126.
18
What is the greatest common factor of 29657 and 94?
47
What is the greatest common divisor of 3007 and 31?
31
Calculate the highest common divisor of 568 and 3053.
71
What is the highest common factor of 377 and 261?
29
What is the highest common divisor of 52 and 767?
13
Calculate the highest common factor of 55 and 265.
5
Calculate the highest common factor of 190 and 15.
5
What is the greatest common divisor of 576 and 522?
18
Calculate the greatest common factor of 2170 and 60.
10
What is the highest common factor of 61 and 671?
61
What is the highest common divisor of 585 and 3645?
45
Calculate the highest common divisor of 21 and 245.
7
What is the highest common divisor of 1302 and 124?
62
What is the highest common factor of 297 and 16137?
99
Calculate the greatest common factor of 38 and 14611.
19
What is the highest common factor of 172 and 43?
43
What is the greatest common factor of 41 and 123?
41
Calculate the greatest common divisor of 84 and 483.
21
What is the highest common divisor of 32389 and 7?
7
Calculate the highest common factor of 17082 and 54.
18
What is the highest common divisor of 610 and 80?
10
Calculate the highest common factor of 216 and 40.
8
Calculate the highest common factor of 32 and 53344.
32
What is the greatest common divisor of 232 and 1189?
29
What is the greatest common factor of 1586 and 1098?
122
Calculate the highest common divisor of 16 and 6712.
8
Calculate the highest common divisor of 198 and 88.
22
What is the highest common divisor of 13 and 3?
1
Calculate the highest common factor of 42 and 3339.
21
Calculate the greatest common divisor of 800 and 125.
25
What is the greatest common factor of 781 and 341?
11
Calculate the highest common factor of 40 and 3840.
40
Calculate the highest common factor of 69 and 3.
3
Calculate the highest common divisor of 230 and 1472.
46
What is the highest common factor of 21 and 224?
7
Calculate the highest common divisor of 504 and 1071.
63
Calculate the highest common divisor of 247 and 76.
19
What is the greatest common divisor of 7275 and 75?
75
Calculate the greatest common factor of 540 and 20.
20
Calculate the greatest common divisor of 46989 and 9.
9
Calculate the greatest common divisor of 48 and 560.
16
What is the greatest common factor of 18348 and 132?
132
What is the greatest common factor of 49 and 1911?
49
Calculate the greatest common factor of 567 and 7.
7
Calculate the highest common divisor of 3570 and 1050.
210
Calculate the greatest common factor of 50 and 450.
50
Calculate the highest common factor of 70 and 1850.
10
Calculate the highest common divisor of 276 and 92.
92
What is the greatest common divisor of 43 and 1?
1
Calculate the highest common factor of 378 and 5103.
189
Calculate the highest common divisor of 20 and 34460.
20
What is the greatest common factor of 2 and 13752?
2
What is the greatest common divisor of 16 and 192?
16
Calculate the highest common factor of 49 and 14434.
7
What is the greatest common divisor of 121 and 11?
11
Calculate the greatest common divisor of 27 and 3267.
27
Calculate the greatest common factor of 3104 and 291.
97
What is the greatest common factor of 444 and 192?
12
Calculate the greatest common divisor of 50 and 30.
10
Calculate the greatest common divisor of 2187 and 9.
9
What is the highest common divisor of 13 and 949?
13
What is the greatest common divisor of 36 and 522?
18
What is the greatest common factor of 1221 and 1?
1
Calculate the highest common factor of 66 and 6.
6
Calculate the greatest common factor of 172 and 5074.
86
What is the highest common divisor of 22 and 1496?
22
Calculate the highest common factor of 42 and 56.
14
Calculate the highest common factor of 420 and 3738.
42
Calculate the greatest common factor of 1 and 81.
1
Calculate the greatest common divisor of 361 and 2451.
19
Calculate the greatest common divisor of 154 and 2233.
77
Calculate the greatest common divisor of 670 and 1273.
67
What is the highest common factor of 11773 and 61?
61
What is the highest common factor of 145 and 60?
5
What is the highest common divisor of 154 and 22?
22
What is the greatest common factor of 1560 and 36?
12
Calculate the highest common factor of 5 and 35935.
5
What is the greatest common divisor of 46 and 3818?
46
Calculate the greatest common divisor of 12 and 60.
12
What is the highest common divisor of 742 and 212?
106
What is the highest common divisor of 9366 and 84?
42
Calculate the greatest common divisor of 30 and 70.
10
Calculate the greatest common factor of 59 and 33984.
59
Calculate the highest common divisor of 80 and 60.
20
Calculate the highest common factor of 30 and 855.
15
What is the highest common factor of 27 and 468?
9
Calculate the greatest common divisor of 1856 and 58.
58
Calculate the highest common divisor of 14 and 1022.
14
Calculate the greatest common factor of 234 and 1430.
26
What is the greatest common divisor of 3 and 537?
3
Calculate the highest common divisor of 2 and 889.
1
Calculate the greatest common factor of 2 and 4106.
2
Calculate the highest common factor of 84 and 12.
12
What is the highest common factor of 6147 and 9?
9
What is the greatest common divisor of 258 and 17802?
258
What is the greatest common factor of 736 and 2116?
92
What is the highest common factor of 10766 and 56?
14
Calculate the greatest common factor of 64 and 4.
4
What is the highest common factor of 2561 and 104?
13
What is the highest common divisor of 238 and 4862?
34
What is the highest common divisor of 484 and 1980?
44
Calculate the highest common divisor of 50 and 1310.
10
What is the greatest common factor of 539 and 98?
49
Calculate the highest common factor of 315 and 135.
45
Calculate the greatest common factor of 24 and 12.
12
What is the greatest common factor of 369 and 533?
41
What is the greatest common factor of 414 and 18?
18
What is the highest common factor of 9 and 261?
9
Calculate the greatest common divisor of 1918 and 14.
14
What is the greatest common factor of 7 and 5?
1
What is the greatest common factor of 885 and 120?
15
Calculate the greatest common factor of 17 and 799.
17
What is the highest common divisor of 320 and 70?
10
Calculate the highest common factor of 2499 and 408.
51
What is the greatest common divisor of 14 and 7798?
14
What is the highest common divisor of 840 and 1500?
60
What is the greatest common factor of 18 and 258?
6
Calculate the greatest common factor of 96 and 4728.
24
What is the highest common d